 is the tens digit of z(h)?
2
Let n(s) = 81*s + 4036. What is the hundreds digit of n(0)?
0
Let r(h) = h**2 + 3*h - 2. Let i be r(-3). Let k be 0*(i + 5/2). Suppose 4*m - 28 = -k*m. What is the units digit of m?
7
Let k(x) = 47*x + 9. What is the hundreds digit of k(12)?
5
Suppose -5*v + 45 + 111 = n, 2*v - n = 61. Let x = -5 + v. What is the units digit of x?
6
Let i = -656 + 1125. What is the hundreds digit of i?
4
Suppose -5*c = 3*n - 10, 4*c - 2*n - 30 = -0*n. Suppose -46 - 49 = -c*i. What is the tens digit of i?
1
Suppose 4*u - 106 = 1186. What is the tens digit of u?
2
Let v be -769*5/15 - (-4)/(-6). Let p = -170 - v. What is the units digit of p?
7
Suppose 4*z - 3 = 9. Let r(d) = 5*d**2 + d - 2. Let s be r(z). Suppose -2*c = -0*c - s. What is the units digit of c?
3
Let z(a) = 6*a**3 + a**2 + 22*a - 16. What is the thousands digit of z(7)?
2
Let a(d) = 3*d**2 - 34*d - 23. What is the units digit of a(14)?
9
Let l(c) = 636*c**2 - c - 1. Let u be l(1). Suppose -211 = 9*h - u. What is the tens digit of h?
4
Let u be (-32)/(-16)*(-1)/2. What is the hundreds digit of u*4*(-4)/(-8) - -132?
1
Suppose 3 = 6*j - 9. Suppose j*l + 8*l - 680 = 0. What is the units digit of l?
8
Let h = 146 + -141. Suppose h*v + 3*o - 1536 = 0, o + 496 = -3*v + 1416. What is the units digit of v?
6
Let i = 213 - -1522. What is the units digit of i?
5
What is the units digit of (-9)/(-2) + (-19)/38 - -187?
1
Let d(h) = -h**2 - 7*h - 8. Let g be d(-6). Let a be g/(-8) - 1/4. Suppose -160 = -4*l - 5*c, a = 2*c + c - 12. What is the tens digit of l?
3
What is the hundreds digit of -2331*2/4*26/(-39)?
7
Let z = 75 + -72. Let d(c) = 13*c**2 + 2*c - 3. What is the units digit of d(z)?
0
Suppose 28*q - 10 = 23*q. Suppose -3*m + 4*v = -m - 340, 518 = 3*m + q*v. What is the units digit of m?
2
What is the thousands digit of (9/(-4))/((-1)/((-22064)/(-21)))?
2
Let y = 8560 + -3592. What is the hundreds digit of y?
9
Suppose 0 = c - 2*l, 44 = 4*c - 2*l + 5*l. Suppose c = a - 43. Suppose -a = -5*i + 84. What is the units digit of i?
7
Suppose -7*p - 277 + 11246 = 0. What is the thousands digit of p?
1
Let q(h) = 5*h**3 + h**2 - 10*h + 43. What is the units digit of q(7)?
7
Suppose 0 = -16*y + 15*y - 400. Let l = y + 209. What is the tens digit of l/(-8) + 2/16?
2
Let l = -112 + 449. What is the tens digit of l?
3
Suppose 5*n = n + 5*f - 7, 4*n + 3*f - 17 = 0. Suppose u = n*u - 139. What is the tens digit of u?
3
Let p = 496 + 562. What is the units digit of p?
8
Let q = 439 + -171. What is the units digit of q?
8
Let b(x) = -x**2 + 23*x + 11. Let h be b(15). Let c = h - 91. What is the tens digit of c?
4
Let r(i) = -i - 5. Let u be r(-6). Suppose -f - u = -12. Suppose b + 0 - f = 0. What is the tens digit of b?
1
What is the tens digit of 1595 + (-3 - -2)*-7?
0
Let l = -1348 - -1877. What is the hundreds digit of l?
5
Suppose -15*v - 34 = -10*v + h, 3*h = 4*v + 12. What is the units digit of -1 + 190 + 1*(4 + v)?
7
Let p be (19 - 4)/5 + -3. What is the units digit of (-1 + p)/(3/((-1860)/4))?
5
Let c be (0 - 4)*9/(-12). Suppose -3*n - 6*v + 321 = -3*v, -2*n = -c*v - 199. Suppose -4*k = 3*q - n, 2*k - 52 = 3*q - 5*q. What is the tens digit of k?
2
Let b = 1275 - 1011. What is the hundreds digit of b?
2
Let q(p) = -p**2 + 26*p + 21. What is the tens digit of q(26)?
2
Let q(v) = -v**2 + 10*v + 13. Suppose 0*t - 3*t - 4*f = -21, 0 = 5*f + 15. Let m be q(t). Suppose -m*u + u = -37. What is the tens digit of u?
3
What is the tens digit of 348 + 18/42 + (-30)/21?
4
Suppose -3*r + 6*r = 63. Suppose -5*k + 78 = -c, k + k - r = -3*c. What is the units digit of k?
5
Let t be 416 - -8 - (-1 + 2 + 0). Suppose 232 = 2*s + 3*g, 4*s = -4*g + t + 49. What is the units digit of s?
2
Let y(q) = q**3 + 58*q**2 + 27*q + 35. What is the units digit of y(-57)?
5
Let r = 22 - 26. Let k be (48/30)/(r/(-10)). Suppose -130 = -5*p - y - y, -k*y = -4*p + 132. What is the units digit of p?
8
Suppose -4*u = o - 1, 4*u - 2*u = o - 7. Suppose -o*z - 2*i + 148 = -3*z, -4*i + 223 = 3*z. What is the units digit of z?
3
Let j = 16 - -34. What is the units digit of (j/5)/((-2)/(-8))?
0
Suppose z = -2*z + 27. Let r = z - 5. Suppose -2*h + c + 50 - 2 = 0, 0 = 2*c + r. What is the tens digit of h?
2
Let w(r) = 102*r**2 - r. Let x be w(1). Let p = x - 71. What is the tens digit of p?
3
Let y(f) = 2*f**3 - 5*f**2 + 4*f - 3. Let z be y(3). Let d(h) = z*h - 10*h + 16 - 10*h. What is the units digit of d(7)?
2
Let v(t) = -2*t**2 - 11*t - 1. Let a be v(-5). Suppose 183 = -r + a*r. What is the tens digit of r?
6
Suppose -27*f + 439 + 182 = 0. What is the units digit of f?
3
Let j = -1583 + 2043. What is the units digit of j?
0
What is the hundreds digit of 876 + ((-8)/(-20))/((-2)/(-20))?
8
Suppose 7*i = 2*i - 50. Let p = -12 - i. What is the units digit of (p + 3 - 3)*-2?
4
Let o = -70 - -132. Suppose 6*c - 8 = 2*c, -5*d - 2*c - 201 = 0. Let i = d + o. What is the units digit of i?
1
Suppose -3 = 2*r + 3, -5*r + 95 = 5*w. Suppose w*m + 3472 = 10534. What is the hundreds digit of m?
3
Let u(q) = -2*q + 273. What is the hundreds digit of u(-31)?
3
Suppose -4*x + 3*j + 2679 = 0, 2823 = 5*x + j - 540. What is the units digit of x?
2
Suppose 3*h = 6*h + 5*j + 901, h + 299 = -j. Let l = h - -422. What is the tens digit of l?
2
Let y = -37 + 26. Let x = -5 - y. Suppose 3*c - 180 = -x*k + k, -c = 5. What is the tens digit of k?
3
Let i = -4 + 2. Let l(c) = -7*c**3 - 2*c**2 - 2*c - 3. Let p be l(i). Suppose 0 = 3*t + t + 3*u - p, 0 = 3*u - 9. What is the tens digit of t?
1
What is the tens digit of ((-31)/(1240/2016))/((-1)/60)?
2
Suppose 0*w + 3*w - 2987 = -2*m, -10 = -2*w. What is the hundreds digit of m?
4
Suppose z = 2*z + 6. Let t(l) = l**3 + 6*l**2 - l - 2. Let f be t(z). Suppose 2*n = 3*h + 11 + 14, h = -f*n + 43. What is the units digit of n?
1
Suppose 0 = 5*u - 3*q + 12106, -4*u - 9682 = 2*q - 3*q. Let l be u/(-24) - 3/(-18). Suppose -l = -4*v + 59. What is the tens digit of v?
4
Let r(g) = 5*g + 3. Let y(w) = 3*w. Let f be y(5). Let d = f + -11. What is the units digit of r(d)?
3
Let y = -29 - -32. Suppose -3*t + t + 5*f = -212, -3*t - y*f = -360. What is the units digit of t?
6
Suppose 181*y = 185*y - 2540. What is the tens digit of y?
3
Suppose -2*o = 4*b - 5*b - 37, 0 = 4*b + 4. Suppose -15*y - 375 = -o*y. What is the tens digit of y?
2
Let i = -15 + 19. Let j(k) be the third derivative of -k**6/120 + k**5/10 - k**4/12 - k**3/3 + 3*k**2. What is the tens digit of j(i)?
2
Suppose -3315 - 8151 = -18*s. What is the units digit of s?
7
Let b = 1633 - 645. What is the units digit of b?
8
Let n(j) = 19*j**3 + j**2 - 3*j + 54. What is the units digit of n(4)?
4
What is the tens digit of 2 + -12 + (-36 - -2806)?
6
Let d(m) = -6*m - 4. Let x be d(-1). Suppose x*n - 17 = 201. What is the units digit of n?
9
Let w = -49 + 68. Let y = 146 - w. What is the units digit of y?
7
Let r(k) = -k**3 - 5*k**2 - 7*k - 2. Let d be r(-5). Suppose 2*u - 5*t + d - 11 = 0, 2*u - 3*t + 14 = 0. What is the units digit of (-40 + (2 - u))/(-1)?
7
Let m(x) = x**3 + 4*x**2 - 2*x. Let p be m(-5). Let w be (0 + 5)*p/(-25). Suppose -g = 1, -w*g + 35 = 2*t - 46. What is the tens digit of t?
4
Suppose 0 = 49*r - 28*r - 546. What is the units digit of r?
6
Let r = -2 - -8. Let d be (8/r)/((-5)/(-120)). What is the tens digit of (3 + 6/(-3))*d?
3
Let v = 104 - -107. Let b = -128 + v. What is the units digit of b?
3
Let d(s) = 2*s + 28. Let y be d(-13). Suppose -15 = -y*v - 3*v. Suppose -5*h - 5*b + 229 + 16 = 0, -v*h + 5*b + 115 = 0. What is the tens digit of h?
4
Suppose -2*t = 2*v + 70, -v - 91 = v - 5*t. Suppose h = -3*h - 92. Let d = h - v. What is the units digit of d?
5
Let f = -347 + 604. Let j = f - 126. What is the units digit of j?
1
Let p(h) = 1133 + 3*h**2 - 1125 - 7*h - h**2. What is the tens digit of p(6)?
3
Suppose -8*j - 12 = -9*j. Suppose 4*p + 0*p + i = j, 5*i = 0. Suppose 0*t - 3*o = t - 20, -p*o = 9. What is the tens digit of t?
2
Let r(x) be the second derivative of -5/6*x**3 - 5*x - 1/20*x**5 - 1/3*x**4 + 0 - 3*x**2. What is the units digit of r(-4)?
4
Suppose 6 = 3*a - 0, 0 = 2*g + 4*a + 88. Let h = 67 + g. What is the units digit of h?
9
Let s(r) = 3*r - 28. Let x(l) = 3*l + 6 - 2 - 31. Let v(u) = -3*s(u) + 4*x(u). What is the tens